{"id":190,"date":"2021-02-23T09:15:41","date_gmt":"2021-02-23T07:15:41","guid":{"rendered":"http:\/\/craniosacral.ro\/w\/?page_id=190"},"modified":"2021-02-23T11:50:36","modified_gmt":"2021-02-23T09:50:36","slug":"cttb1-curs-touching-the-brain-nivel-1","status":"publish","type":"page","link":"https:\/\/craniosacral.ro\/w\/cttb1-curs-touching-the-brain-nivel-1\/","title":{"rendered":"CTTB1 \u2013 Curs \u201cTouching The Brain\u201d, nivel 1"},"content":{"rendered":"<p>[et_pb_section fb_built=&#8221;1&#8243; _builder_version=&#8221;4.9.0&#8243; _module_preset=&#8221;default&#8221;][et_pb_row _builder_version=&#8221;4.9.0&#8243; _module_preset=&#8221;default&#8221;][et_pb_column type=&#8221;4_4&#8243; _builder_version=&#8221;4.9.0&#8243; _module_preset=&#8221;default&#8221;][et_pb_text _builder_version=&#8221;4.9.0&#8243; _module_preset=&#8221;default&#8221;]<\/p>\n<h2 class=\"et_pb_module_header\">CTTB1 \u2013 Curs \u201cTouching The Brain\u201d, nivel 1<\/h2>\n<p>[\/et_pb_text][et_pb_divider _builder_version=&#8221;4.9.0&#8243; _module_preset=&#8221;default&#8221;][\/et_pb_divider][et_pb_text _builder_version=&#8221;4.9.0&#8243; _module_preset=&#8221;default&#8221; hover_enabled=&#8221;0&#8243; sticky_enabled=&#8221;0&#8243;]<\/p>\n<p><span>Acest curs a fost dezvoltat <\/span><span class=\"word\" data-words=\"\u00een,in\">\u00een<\/span><span> <\/span><span class=\"word\" data-words=\"baza,baz\u0103,b\u00e2za,b\u00e2z\u0103\">baza<\/span><span> ultimelor <\/span><span class=\"word\" data-words=\"noti\u021be,notite\">noti\u021be<\/span><span> de cercetare a dr. John Upledger <\/span><span class=\"word\" data-words=\"\u0219i,si\">\u0219i<\/span><span> a studiilor propii <\/span><span class=\"word\" data-words=\"f\u0103cute,facute\">f\u0103cute<\/span><span> de Tad Wanveer, unul dintre cei <\/span><span class=\"word\" data-words=\"mai,m\u0103i,m\u00e2i\">mai<\/span><span> buni profesori <\/span><span class=\"word\" data-words=\"ai,\u0103i\">ai<\/span><span> Institutului Upledger <\/span><span class=\"word modified\" data-words=\"U\u0218A,U\u0218\u0102,USA\">USA<\/span><span>.<\/span><\/p>\n<p><span> <\/span><strong><span class=\"word\" data-words=\"Condi\u021bii,Conditii\">Condi\u021bii<\/span><\/strong><span><strong> de participare:<\/strong><\/span><\/p>\n<p><span class=\"word\" data-words=\"Terapeu\u021bii,Terapeutii\">Terapeu\u021bii<\/span><span> care au nivelul de <\/span><span class=\"word\" data-words=\"preg\u0103tire,pregatire\">preg\u0103tire<\/span><span> minim CranioSacral 2 (CS2)<\/span><\/p>\n<p><span> Celulele gliale au rol major <\/span><span class=\"word\" data-words=\"\u00een,in\">\u00een<\/span><span> reglementarea <\/span><span class=\"word\" data-words=\"dezvolt\u0103rii,dezvoltarii\">dezvolt\u0103rii<\/span><span> sistemului nervos, a structurii <\/span><span class=\"word\" data-words=\"\u0219i,si\">\u0219i<\/span><span> <\/span><span class=\"word\" data-words=\"func\u021biei,functiei\">func\u021biei<\/span><span> acestuia. Ele <\/span><span class=\"word\" data-words=\"sunt,\u0219unt\">sunt<\/span><span> implicate <\/span><span class=\"word\" data-words=\"\u00een,in\">\u00een<\/span><span> toate aspectele legate de <\/span><span class=\"word\" data-words=\"s\u0103n\u0103tatea,sanatatea\">s\u0103n\u0103tatea<\/span><span> sistemului nervos <\/span><span class=\"word\" data-words=\"\u0219i,si\">\u0219i<\/span><span> <\/span><span class=\"word\" data-words=\"\u00een,in\">\u00een<\/span><span> patologie. Sistemul craniosacral se <\/span><span class=\"word\" data-words=\"conecteaz\u0103,conecteaza\">conecteaz\u0103<\/span><span> direct <\/span><span class=\"word\" data-words=\"la,l\u0103\">la<\/span><span> <\/span><span class=\"word\" data-words=\"matricea,m\u0103tricea\">matricea<\/span><span> de celule gliale ale creierului <\/span><span class=\"word\" data-words=\"\u0219i,si\">\u0219i<\/span><span> <\/span><span class=\"word\" data-words=\"m\u0103duvei,maduvei\">m\u0103duvei<\/span><span> <\/span><span class=\"word\" data-words=\"spin\u0103rii,spinarii\">spin\u0103rii<\/span><span>. <\/span><span class=\"word modified\" data-words=\"Aceast\u0103,Aceasta\">Aceast\u0103<\/span><span> conexiune este un traseu puternic, de care <\/span><span class=\"word\" data-words=\"v\u0103,va\">v\u0103<\/span><span> <\/span><span class=\"word\" data-words=\"pute\u021bi,puteti\">pute\u021bi<\/span><span> folosi cu Tehnicile gliale a Terapiei CranioSacrale, pentru a <\/span><span class=\"word\" data-words=\"\u00eembun\u0103t\u0103\u021bi,imbunatati\">\u00eembun\u0103t\u0103\u021bi<\/span><span> <\/span><span class=\"word\" data-words=\"structur\u0103,structura\">structura<\/span><span> sistemului nervos, <\/span><span class=\"word\" data-words=\"func\u021bionarea,functionarea\">func\u021bionarea<\/span><span>, vindecarea <\/span><span class=\"word\" data-words=\"\u0219i,si\">\u0219i<\/span><span> <\/span><span class=\"word\" data-words=\"s\u0103n\u0103tatea,sanatatea\">s\u0103n\u0103tatea<\/span><span> acestuia.<\/span><\/p>\n<p><strong> Subiectele abordate <span class=\"word\" data-words=\"la,l\u0103\">la<\/span> acest curs <span class=\"word\" data-words=\"sunt,\u0219unt\">sunt<\/span>:<\/strong><\/p>\n<p><span> \u2022 Investigarea tipurilor de celule gliale <\/span><span class=\"word\" data-words=\"\u0219i,si\">\u0219i<\/span><span> func\u021bionarea acestora.<\/span><\/p>\n<p><span> \u2022 Stimularea <\/span><span class=\"word modified\" data-words=\"optim\u0103,optima\">optim\u0103<\/span><span> a <\/span><span class=\"word\" data-words=\"s\u0103n\u0103t\u0103\u021bii,sanatatii\">s\u0103n\u0103t\u0103\u021bii<\/span><span> sistemului nervos, prin utilizarea tehnicilor gliale CST (Terapia CranioSacral\u0103).<\/span><\/p>\n<p><span> \u2022 <\/span><span class=\"word\" data-words=\"\u00cencurajarea,Incurajarea\">\u00cencurajarea<\/span><span> <\/span><span class=\"word\" data-words=\"\u00een,in\">\u00een<\/span><span> vindecarea de <\/span><span class=\"word\" data-words=\"tulbur\u0103ri,tulburari\">tulbur\u0103ri<\/span><span> ale sistemului nervos, cum ar fi: <\/span><span class=\"word\" data-words=\"tulbur\u0103ri,tulburari\">tulbur\u0103ri<\/span><span> din spectrul autismului, probleme de prelucrare <\/span><span class=\"word modified\" data-words=\"senzorial\u0103,senzoriala\">senzorial\u0103<\/span><span>, leziuni cerebrale traumatice, <\/span><span class=\"word\" data-words=\"afec\u021biuni,afectiuni\">afec\u021biuni<\/span><span> neurodegenerative, paralizie <\/span><span class=\"word modified\" data-words=\"cerebral\u0103,cerebrala\">cerebral\u0103<\/span><span>, epilepsie, dureri cronice, traumatisme ale coloanei vertebrale, anxietate <\/span><span class=\"word\" data-words=\"\u0219i,si\">\u0219i<\/span><span> neuropatie, prin aplicarea de tehnici gliale CST.<\/span><\/p>\n<p><span> \u2022 <\/span><span class=\"word\" data-words=\"\u00cembun\u0103t\u0103\u021birea,Imbunatatirea\">\u00cembun\u0103t\u0103\u021birea<\/span><span>, <\/span><span class=\"word\" data-words=\"\u00eembog\u0103\u021birea,imbogatirea\">\u00eembog\u0103\u021birea<\/span><span> <\/span><span class=\"word\" data-words=\"\u0219i,si\">\u0219i<\/span><span> rafinarea <\/span><span class=\"word modified\" data-words=\"abilita\u021bilor,abilit\u0103\u021bilor,abilitatilor\">abilit\u0103\u021bilor<\/span><span> de <\/span><span class=\"word\" data-words=\"palpare,p\u00e2lp\u0103re\">palpare<\/span><span> a sistemului craniosacral.<\/span><\/p>\n<p><span> <\/span><strong><span class=\"word\" data-words=\"P\u0103reri,Pareri\">P\u0103reri<\/span><\/strong><span><strong>:<\/strong> <\/span><\/p>\n<p><span>\u201cAm fost <\/span><span class=\"word\" data-words=\"at\u00e2t,a\u021b\u00e2\u021b,atat\">at\u00e2t<\/span><span> de <\/span><span class=\"word\" data-words=\"ad\u00e2nc,adanc\">ad\u00e2nc<\/span><span> <\/span><span class=\"word modified\" data-words=\"atins\u0103,atinsa\">atins\u0103<\/span><span> de efectele sesiunilor de <\/span><span class=\"word modified\" data-words=\"practic\u0103,practica\">practic\u0103<\/span><span> de-a lungul celor 5 zile de curs, din 2014, <\/span><span class=\"word\" data-words=\"\u00eenc\u00e2t,incat\">\u00eenc\u00e2t<\/span><span> imediat ce am ajuns <\/span><span class=\"word\" data-words=\"\u00eenapoi,inapoi\">\u00eenapoi<\/span><span> <\/span><span class=\"word\" data-words=\"\u00een,in\">\u00een<\/span><span> <\/span><span class=\"word modified\" data-words=\"fata,fat\u0103,fa\u021ba,fa\u021b\u0103,f\u0103ta,f\u0103t\u0103,f\u0103\u021ba,f\u0103\u021b\u0103,f\u00e2\u021ba,f\u00e2\u021b\u0103\">fa\u021ba<\/span><span> <\/span><span class=\"word\" data-words=\"pacien\u021bilor,pacientilor\">pacien\u021bilor<\/span><span> mei, am <\/span><span class=\"word\" data-words=\"\u00eenceput,inceput\">\u00eenceput<\/span><span> <\/span><span class=\"word\" data-words=\"s\u0103,sa,\u0219a\">s\u0103<\/span><span> aplic <\/span><span class=\"word\" data-words=\"\u0219i,si\">\u0219i<\/span><span> <\/span><span class=\"word\" data-words=\"s\u0103,sa,\u0219a\">s\u0103<\/span><span> introduc aceste tehnici pentru <\/span><span class=\"word\" data-words=\"to\u021bi,toti\">to\u021bi<\/span><span>, dar <\/span><span class=\"word\" data-words=\"\u00een,in\">\u00een<\/span><span> special <\/span><span class=\"word\" data-words=\"la,l\u0103\">la<\/span><span> copiii cu <\/span><span class=\"word\" data-words=\"disfunc\u021bii,disfunctii\">disfunc\u021bii<\/span><span> cerebrale, neuro-motorii <\/span><span class=\"word\" data-words=\"sau,s\u0103u,\u0219au\">sau<\/span><span> genetice. Efectele nu au <\/span><span class=\"word\" data-words=\"\u00eent\u00e2rziat,intarziat\">\u00eent\u00e2rziat<\/span><span> <\/span><span class=\"word\" data-words=\"s\u0103,sa,\u0219a\">s\u0103<\/span><span> <\/span><span class=\"word\" data-words=\"apar\u0103,ap\u0103ra,ap\u0103r\u0103,apara\">apar\u0103<\/span><span>. Totul a fost <\/span><span class=\"word modified\" data-words=\"c\u0103,ca\">ca<\/span><span> un <\/span><span class=\"word\" data-words=\"mare,m\u0103re,m\u00e2re\">mare<\/span><span> salt <\/span><span class=\"word\" data-words=\"\u00een,in\">\u00een<\/span><span> efectele terapiilor efectuate. Acest curs <\/span><span class=\"word\" data-words=\"mi,m\u00ee\">mi<\/span><span>-a schimbat <\/span><span class=\"word\" data-words=\"optic\u0103,optica\">optica<\/span><span>, <\/span><span class=\"word\" data-words=\"inten\u021bia,intentia\">inten\u021bia<\/span><span> <\/span><span class=\"word\" data-words=\"\u0219i,si\">\u0219i<\/span><span> modalitatea de <\/span><span class=\"word\" data-words=\"palpare,p\u00e2lp\u0103re\">palpare<\/span><span> <\/span><span class=\"word modified\" data-words=\"cranian\u0103,craniana\">cranian\u0103<\/span><span>, <\/span><span class=\"word\" data-words=\"\u0219i,si\">\u0219i<\/span><span> <\/span><span class=\"word modified\" data-words=\"parc\u0103,parca\">parc\u0103<\/span><span> am <\/span><span class=\"word\" data-words=\"intrat,\u00eentrat\">intrat<\/span><span> <\/span><span class=\"word\" data-words=\"\u00een,in\">\u00een<\/span><span> <\/span><span class=\"word modified\" data-words=\"alta,alt\u0103\">alt\u0103<\/span><span> dimensiune\u2026\u201d \u2013 Mihaela Gugu, CST-D<\/span><\/p>\n<p>[\/et_pb_text][\/et_pb_column][\/et_pb_row][\/et_pb_section]<\/p>\n","protected":false},"excerpt":{"rendered":"<p>CTTB1 \u2013 Curs \u201cTouching The Brain\u201d, nivel 1Acest curs a fost dezvoltat \u00een baza ultimelor noti\u021be de cercetare a dr. John Upledger \u0219i a studiilor propii f\u0103cute de Tad Wanveer, unul dintre cei mai buni profesori ai Institutului Upledger USA. Condi\u021bii de participare: Terapeu\u021bii care au nivelul de preg\u0103tire minim CranioSacral 2 (CS2) Celulele gliale [&hellip;]<\/p>\n","protected":false},"author":1,"featured_media":0,"parent":0,"menu_order":0,"comment_status":"closed","ping_status":"closed","template":"","meta":{"_et_pb_use_builder":"on","_et_pb_old_content":"<!-- wp:divi\/placeholder \/-->","_et_gb_content_width":"","footnotes":""},"class_list":["post-190","page","type-page","status-publish","hentry"],"_links":{"self":[{"href":"https:\/\/craniosacral.ro\/w\/wp-json\/wp\/v2\/pages\/190","targetHints":{"allow":["GET"]}}],"collection":[{"href":"https:\/\/craniosacral.ro\/w\/wp-json\/wp\/v2\/pages"}],"about":[{"href":"https:\/\/craniosacral.ro\/w\/wp-json\/wp\/v2\/types\/page"}],"author":[{"embeddable":true,"href":"https:\/\/craniosacral.ro\/w\/wp-json\/wp\/v2\/users\/1"}],"replies":[{"embeddable":true,"href":"https:\/\/craniosacral.ro\/w\/wp-json\/wp\/v2\/comments?post=190"}],"version-history":[{"count":0,"href":"https:\/\/craniosacral.ro\/w\/wp-json\/wp\/v2\/pages\/190\/revisions"}],"wp:attachment":[{"href":"https:\/\/craniosacral.ro\/w\/wp-json\/wp\/v2\/media?parent=190"}],"curies":[{"name":"wp","href":"https:\/\/api.w.org\/{rel}","templated":true}]}}