{"id":188,"date":"2021-02-23T09:15:26","date_gmt":"2021-02-23T07:15:26","guid":{"rendered":"http:\/\/craniosacral.ro\/w\/?page_id=188"},"modified":"2021-02-23T11:49:49","modified_gmt":"2021-02-23T09:49:49","slug":"adv-1","status":"publish","type":"page","link":"https:\/\/craniosacral.ro\/w\/adv-1\/","title":{"rendered":"ADV 1"},"content":{"rendered":"<p>[et_pb_section fb_built=&#8221;1&#8243; _builder_version=&#8221;4.9.0&#8243; _module_preset=&#8221;default&#8221;][et_pb_row _builder_version=&#8221;4.9.0&#8243; _module_preset=&#8221;default&#8221;][et_pb_column type=&#8221;4_4&#8243; _builder_version=&#8221;4.9.0&#8243; _module_preset=&#8221;default&#8221;][et_pb_text _builder_version=&#8221;4.9.0&#8243; _module_preset=&#8221;default&#8221;]<\/p>\n<h2 class=\"et_pb_module_header\">ADV 1<\/h2>\n<p>[\/et_pb_text][et_pb_divider _builder_version=&#8221;4.9.0&#8243; _module_preset=&#8221;default&#8221;][\/et_pb_divider][et_pb_text _builder_version=&#8221;4.9.0&#8243; _module_preset=&#8221;default&#8221; hover_enabled=&#8221;0&#8243; sticky_enabled=&#8221;0&#8243;]<\/p>\n<p><span>Acest curs este destinat celor care au completat curricula de <\/span><span class=\"word modified\" data-words=\"baza,baz\u0103,b\u00e2za,b\u00e2z\u0103\">baz\u0103<\/span><span> a <\/span><span class=\"word\" data-words=\"preg\u0103tirii,pregatirii\">preg\u0103tirii<\/span><span> <\/span><span class=\"word\" data-words=\"\u00een,in\">\u00een<\/span><span> tehnicile CranioSacrale <\/span><span class=\"word\" data-words=\"\u0219i,si\">\u0219i<\/span><span> Eliberare SomatoEmo\u021bional\u0103\u00a0<\/span><span class=\"word\" data-words=\"\u0219i,si\">\u0219i<\/span><span> vor <\/span><span class=\"word\" data-words=\"s\u0103,sa,\u0219a\">s\u0103<\/span><span>&#8211;<\/span><span class=\"word\" data-words=\"\u0219i,si\">\u0219i<\/span><span> rafineze <\/span><span class=\"word\" data-words=\"cuno\u0219tin\u021bele,cunostintele\">cuno\u0219tin\u021bele<\/span><span> <\/span><span class=\"word\" data-words=\"\u00eentr,intr\">\u00eentr<\/span><span>-o <\/span><span class=\"word\" data-words=\"experien\u021b\u0103,experien\u021ba,experienta\">experien\u021b\u0103<\/span><span> de lucru intens <\/span><span class=\"word\" data-words=\"timp,t\u00eemp,\u021bimp,\u021b\u00eemp\">timp<\/span><span> de 5 zile.<\/span><\/p>\n<p><span> <\/span><span class=\"word\" data-words=\"La,L\u0103\">La<\/span><span> acest curs <\/span><span class=\"word\" data-words=\"sunt,\u0219unt\">sunt<\/span><span> <\/span><span class=\"word\" data-words=\"admi\u0219i,admisi\">admi\u0219i<\/span><span> doar 10 <\/span><span class=\"word\" data-words=\"cursan\u021bi,cursanti\">cursan\u021bi<\/span><span> <\/span><span class=\"word\" data-words=\"\u00een,in\">\u00een<\/span><span> <\/span><span class=\"word modified\" data-words=\"grup\u0103,grupa\">grup\u0103<\/span><span>, iar <\/span><span class=\"word\" data-words=\"inten\u021bia,intentia\">inten\u021bia<\/span><span> <\/span><span class=\"word modified\" data-words=\"primar\u0103,primara\">primar\u0103<\/span><span> este <\/span><span class=\"word modified\" data-words=\"c\u0103,ca\">ca<\/span><span> fiecare dintre <\/span><span class=\"word\" data-words=\"participan\u021bi,participanti\">participan\u021bi<\/span><span> <\/span><span class=\"word\" data-words=\"s\u0103,sa,\u0219a\">s\u0103<\/span><span>&#8211;<\/span><span class=\"word\" data-words=\"\u0219i,si\">\u0219i<\/span><span> resolve problemele proprii, <\/span><span class=\"word\" data-words=\"c\u0103ci,c\u00e2ci,caci\">c\u0103ci<\/span><span> nu <\/span><span class=\"word\" data-words=\"po\u021bi,poti\">po\u021bi<\/span><span> fi un terapeut bun <\/span><span class=\"word\" data-words=\"far\u0103,f\u0103r\u0103,fara\">far\u0103<\/span><span> <\/span><span class=\"word\" data-words=\"s\u0103,sa,\u0219a\">s\u0103<\/span><span> fi avut <\/span><span class=\"word\" data-words=\"experien\u021b\u0103,experien\u021ba,experienta\">experien\u021b\u0103<\/span><span> de pacient.<\/span><\/p>\n<p>[\/et_pb_text][\/et_pb_column][\/et_pb_row][\/et_pb_section]<\/p>\n","protected":false},"excerpt":{"rendered":"<p>ADV 1Acest curs este destinat celor care au completat curricula de baz\u0103 a preg\u0103tirii \u00een tehnicile CranioSacrale \u0219i Eliberare SomatoEmo\u021bional\u0103\u00a0\u0219i vor s\u0103-\u0219i rafineze cuno\u0219tin\u021bele \u00eentr-o experien\u021b\u0103 de lucru intens timp de 5 zile. La acest curs sunt admi\u0219i doar 10 cursan\u021bi \u00een grup\u0103, iar inten\u021bia primar\u0103 este ca fiecare dintre participan\u021bi s\u0103-\u0219i resolve problemele proprii, [&hellip;]<\/p>\n","protected":false},"author":1,"featured_media":0,"parent":0,"menu_order":0,"comment_status":"closed","ping_status":"closed","template":"","meta":{"_et_pb_use_builder":"on","_et_pb_old_content":"<!-- wp:divi\/placeholder \/-->","_et_gb_content_width":"","footnotes":""},"class_list":["post-188","page","type-page","status-publish","hentry"],"_links":{"self":[{"href":"https:\/\/craniosacral.ro\/w\/wp-json\/wp\/v2\/pages\/188","targetHints":{"allow":["GET"]}}],"collection":[{"href":"https:\/\/craniosacral.ro\/w\/wp-json\/wp\/v2\/pages"}],"about":[{"href":"https:\/\/craniosacral.ro\/w\/wp-json\/wp\/v2\/types\/page"}],"author":[{"embeddable":true,"href":"https:\/\/craniosacral.ro\/w\/wp-json\/wp\/v2\/users\/1"}],"replies":[{"embeddable":true,"href":"https:\/\/craniosacral.ro\/w\/wp-json\/wp\/v2\/comments?post=188"}],"version-history":[{"count":0,"href":"https:\/\/craniosacral.ro\/w\/wp-json\/wp\/v2\/pages\/188\/revisions"}],"wp:attachment":[{"href":"https:\/\/craniosacral.ro\/w\/wp-json\/wp\/v2\/media?parent=188"}],"curies":[{"name":"wp","href":"https:\/\/api.w.org\/{rel}","templated":true}]}}

<p>[et_pb_section fb_built=&#8221;1&#8243; _builder_version=&#8221;4.9.0&#8243; _module_preset=&#8221;default&#8221;][et_pb_row _builder_version=&#8221;4.9.0&#8243; _module_preset=&#8221;default&#8221;][et_pb_column type=&#8221;4_4&#8243; _builder_version=&#8221;4.9.0&#8243; _module_preset=&#8221;default&#8221;][et_pb_text _builder_version=&#8221;4.9.0&#8243; _module_preset=&#8221;default&#8221;]</p>
<h2 class="et_pb_module_header">ADV 1</h2>
<p>[/et_pb_text][et_pb_divider _builder_version=&#8221;4.9.0&#8243; _module_preset=&#8221;default&#8221;][/et_pb_divider][et_pb_text _builder_version=&#8221;4.9.0&#8243; _module_preset=&#8221;default&#8221; hover_enabled=&#8221;0&#8243; sticky_enabled=&#8221;0&#8243;]</p>
<p><span>Acest curs este destinat celor care au completat curricula de </span><span class="word modified" data-words="baza,bază,bâza,bâză">bază</span><span> a </span><span class="word" data-words="pregătirii,pregatirii">pregătirii</span><span> </span><span class="word" data-words="în,in">în</span><span> tehnicile CranioSacrale </span><span class="word" data-words="și,si">și</span><span> Eliberare SomatoEmoțională </span><span class="word" data-words="și,si">și</span><span> vor </span><span class="word" data-words="să,sa,șa">să</span><span>&#8211;</span><span class="word" data-words="și,si">și</span><span> rafineze </span><span class="word" data-words="cunoștințele,cunostintele">cunoștințele</span><span> </span><span class="word" data-words="într,intr">într</span><span>-o </span><span class="word" data-words="experiență,experiența,experienta">experiență</span><span> de lucru intens </span><span class="word" data-words="timp,tîmp,țimp,țîmp">timp</span><span> de 5 zile.</span></p>
<p><span> </span><span class="word" data-words="La,Lă">La</span><span> acest curs </span><span class="word" data-words="sunt,șunt">sunt</span><span> </span><span class="word" data-words="admiși,admisi">admiși</span><span> doar 10 </span><span class="word" data-words="cursanți,cursanti">cursanți</span><span> </span><span class="word" data-words="în,in">în</span><span> </span><span class="word modified" data-words="grupă,grupa">grupă</span><span>, iar </span><span class="word" data-words="intenția,intentia">intenția</span><span> </span><span class="word modified" data-words="primară,primara">primară</span><span> este </span><span class="word modified" data-words="că,ca">ca</span><span> fiecare dintre </span><span class="word" data-words="participanți,participanti">participanți</span><span> </span><span class="word" data-words="să,sa,șa">să</span><span>&#8211;</span><span class="word" data-words="și,si">și</span><span> resolve problemele proprii, </span><span class="word" data-words="căci,câci,caci">căci</span><span> nu </span><span class="word" data-words="poți,poti">poți</span><span> fi un terapeut bun </span><span class="word" data-words="fară,fără,fara">fară</span><span> </span><span class="word" data-words="să,sa,șa">să</span><span> fi avut </span><span class="word" data-words="experiență,experiența,experienta">experiență</span><span> de pacient.</span></p>
<p>[/et_pb_text][/et_pb_column][/et_pb_row][/et_pb_section]</p>

<p>ADV 1Acest curs este destinat celor care au completat curricula de bază a pregătirii în tehnicile CranioSacrale și Eliberare SomatoEmoțională și vor să-și rafineze cunoștințele într-o experiență de lucru intens timp de 5 zile. La acest curs sunt admiși doar 10 cursanți în grupă, iar intenția primară este ca fiecare dintre participanți să-și resolve problemele proprii, [&hellip;]</p>
