{"id":184,"date":"2021-02-23T09:14:47","date_gmt":"2021-02-23T07:14:47","guid":{"rendered":"http:\/\/craniosacral.ro\/w\/?page_id=184"},"modified":"2021-02-23T12:38:28","modified_gmt":"2021-02-23T10:38:28","slug":"ser1-curs-eliberare-somatoemotionala-nivel-1","status":"publish","type":"page","link":"https:\/\/craniosacral.ro\/w\/ser1-curs-eliberare-somatoemotionala-nivel-1\/","title":{"rendered":"SER1 \u2013 Curs Eliberare SomatoEmo\u021bional\u0103, nivel 1"},"content":{"rendered":"<p>[et_pb_section fb_built=&#8221;1&#8243; _builder_version=&#8221;4.9.0&#8243; _module_preset=&#8221;default&#8221;][et_pb_row _builder_version=&#8221;4.9.0&#8243; _module_preset=&#8221;default&#8221;][et_pb_column type=&#8221;4_4&#8243; _builder_version=&#8221;4.9.0&#8243; _module_preset=&#8221;default&#8221;][et_pb_text _builder_version=&#8221;4.9.0&#8243; _module_preset=&#8221;default&#8221; hover_enabled=&#8221;0&#8243; sticky_enabled=&#8221;0&#8243;]<\/p>\n<h2 class=\"et_pb_module_header\">SER1 \u2013 Curs Eliberare SomatoEmo\u021bional\u0103, nivel 1<\/h2>\n<p>[\/et_pb_text][et_pb_divider _builder_version=&#8221;4.9.0&#8243; _module_preset=&#8221;default&#8221;][\/et_pb_divider][et_pb_text _builder_version=&#8221;4.9.0&#8243; _module_preset=&#8221;default&#8221; hover_enabled=&#8221;0&#8243; sticky_enabled=&#8221;0&#8243;]<\/p>\n<p><span class=\"word\" data-words=\"\u00cen,In\">\u00cen<\/span><span> cele 4 zile de curs <\/span><span class=\"word\" data-words=\"ve\u021bi,veti\">ve\u021bi<\/span><span> <\/span><span class=\"word\" data-words=\"aprofund\u0103,aprofunda\">aprofunda<\/span><span> <\/span><span class=\"word\" data-words=\"cuno\u0219tin\u021bele,cunostintele\">cuno\u0219tin\u021bele<\/span><span> <\/span><span class=\"word\" data-words=\"\u00een,in\">\u00een<\/span><span> tehnicile de Eliberare SomatoEmo\u021bional\u0103 (SER). SER este un proces terapeutic care <\/span><span class=\"word\" data-words=\"folose\u0219te,foloseste\">folose\u0219te<\/span><span> <\/span><span class=\"word\" data-words=\"\u0219i,si\">\u0219i<\/span><span> extinde principiile terapiei CranioSacral\u0103 pentru a <\/span><span class=\"word\" data-words=\"ajut\u0103,ajuta\">ajuta<\/span><span> corpul <\/span><span class=\"word\" data-words=\"\u0219i,si\">\u0219i<\/span><span> <\/span><span class=\"word\" data-words=\"mintea,min\u021bea\">mintea<\/span><span> <\/span><span class=\"word\" data-words=\"s\u0103,sa,\u0219a\">s\u0103<\/span><span> <\/span><span class=\"word\" data-words=\"\u00eenl\u0103ture,inlature\">\u00eenl\u0103ture<\/span><span> efectele traumelor. <\/span><span class=\"word\" data-words=\"\u00cen,In\">\u00cen<\/span><span> cadrul acestui curs <\/span><span class=\"word\" data-words=\"ve\u021bi,veti\">ve\u021bi<\/span><span> <\/span><span class=\"word\" data-words=\"\u00eenva\u021b\u0103,\u00eenv\u0103\u021ba,\u00eenv\u0103\u021b\u0103,invata\">\u00eenva\u021b\u0103<\/span><span> despre mecanismele fiziologice ale bolilor <\/span><span class=\"word\" data-words=\"\u0219i,si\">\u0219i<\/span><span> <\/span><span class=\"word\" data-words=\"ve\u021bi,veti\">ve\u021bi<\/span><span> <\/span><span class=\"word\" data-words=\"particip\u0103,participa\">participa<\/span><span> <\/span><span class=\"word\" data-words=\"la,l\u0103\">la<\/span><span> sesiuni practice, manuale, pentru a <\/span><span class=\"word\" data-words=\"facilit\u0103,facilita\">facilita<\/span><span> procesul de Eliberare SomatoEmo\u021bional\u0103.<\/span><\/p>\n<p><span> <\/span><strong><span class=\"word\" data-words=\"P\u00e2n\u0103,Pan\u0103,Pana,P\u0103na,P\u0103n\u0103\">P\u00e2n\u0103<\/span> <span class=\"word\" data-words=\"la,l\u0103\">la<\/span> <span class=\"word\" data-words=\"sf\u00e2r\u0219itul,sfarsitul\">sf\u00e2r\u0219itul<\/span> acestui curs <span class=\"word\" data-words=\"ve\u021bi,veti\">ve\u021bi<\/span> <span class=\"word modified\" data-words=\"\u00eenva\u021b\u0103,\u00eenv\u0103\u021ba,\u00eenv\u0103\u021b\u0103,invata\">\u00eenv\u0103\u021ba<\/span><\/strong><span><strong>:<\/strong><\/span><\/p>\n<p><span> \u2022 evaluarea <\/span><span class=\"word\" data-words=\"\u0219i,si\">\u0219i<\/span><span> mobilizarea <\/span><span class=\"word\" data-words=\"Caii,C\u0103ii\">Caii<\/span><span> de Exprimare <\/span><span class=\"word\" data-words=\"lucr\u00e2nd,lucrand\">lucr\u00e2nd<\/span><span> cu <\/span><span class=\"word\" data-words=\"peste,pe\u0219te\">peste<\/span><span> 10 <\/span><span class=\"word\" data-words=\"componente,componen\u021be\">componente<\/span><span> diferite ale corpului, <\/span><span class=\"word\" data-words=\"incluz\u00e2nd,incluzand\">incluz\u00e2nd<\/span><span> <\/span><span class=\"word\" data-words=\"diafragm\u0103,diafragma\">diafragma<\/span><span> <\/span><span class=\"word modified\" data-words=\"toracic\u0103,toracica\">toracic\u0103<\/span><span>, osul hioid, palatul dur, zigomaticul;<\/span><\/p>\n<p><span> \u2022 eliminarea efectelor reziduale a unor traume vechi <\/span><span class=\"word\" data-words=\"\u0219i,si\">\u0219i<\/span><span> a <\/span><span class=\"word\" data-words=\"experien\u021belor,experientelor\">experien\u021belor<\/span><span> <\/span><span class=\"word\" data-words=\"emo\u021bionale,emotionale\">emo\u021bionale<\/span><span> negative impregnate <\/span><span class=\"word\" data-words=\"\u00een,in\">\u00een<\/span><span> trupul <\/span><span class=\"word\" data-words=\"\u0219i,si\">\u0219i<\/span><span> <\/span><span class=\"word\" data-words=\"mintea,min\u021bea\">mintea<\/span><span> <\/span><span class=\"word\" data-words=\"pacien\u021bilor,pacientilor\">pacien\u021bilor<\/span><span>\/<\/span><span class=\"word\" data-words=\"clien\u021bilor,clientilor\">clien\u021bilor<\/span><span> vo\u0219trii;<\/span><\/p>\n<p><span> \u2022 localizarea <\/span><span class=\"word\" data-words=\"\u0219i,si\">\u0219i<\/span><span> eliberarea Chisturilor Energetice;<\/span><\/p>\n<p><span> \u2022 eliberarea <\/span><span class=\"word\" data-words=\"emo\u021biilor,emotiilor\">emo\u021biilor<\/span><span> suprimate, care pot <\/span><span class=\"word\" data-words=\"inhib\u0103,inhiba\">inhiba<\/span><span> procesul de eliberare <\/span><span class=\"word modified\" data-words=\"structural\u0103,structurala\">structural\u0103<\/span><span> <\/span><span class=\"word modified\" data-words=\"complet\u0103,completa\">complet\u0103<\/span><span>;<\/span><\/p>\n<p><span> \u2022 <\/span><span class=\"word\" data-words=\"\u00eembun\u0103t\u0103\u021birea,imbunatatirea\">\u00eembun\u0103t\u0103\u021birea<\/span><span> <\/span><span class=\"word\" data-words=\"calit\u0103\u021bilor,calitatilor\">calit\u0103\u021bilor<\/span><span> de ascultare <\/span><span class=\"word\" data-words=\"\u0219i,si\">\u0219i<\/span><span> <\/span><span class=\"word\" data-words=\"\u00een\u021belegere,intelegere\">\u00een\u021belegere<\/span><span> a <\/span><span class=\"word\" data-words=\"\u021besutului,tesutului\">\u021besutului<\/span><span>;<\/span><\/p>\n<p><span> \u2022 <\/span><span class=\"word\" data-words=\"\u00eembun\u0103t\u0103\u021birea,imbunatatirea\">\u00eembun\u0103t\u0103\u021birea<\/span><span> <\/span><span class=\"word\" data-words=\"capacit\u0103\u021bii,capacitatii\">capacit\u0103\u021bii<\/span><span> de <\/span><span class=\"word\" data-words=\"palpare,p\u00e2lp\u0103re\">palpare<\/span><span> <\/span><span class=\"word\" data-words=\"\u0219i,si\">\u0219i<\/span><span> de evaluare a <\/span><span class=\"word\" data-words=\"\u00eentregului,intregului\">\u00eentregului<\/span><span> corp.<\/span><\/p>\n<p><span> <\/span><strong><span class=\"word\" data-words=\"Condi\u021bii,Conditii\">Condi\u021bii<\/span><\/strong><span><strong> de participare:<\/strong><\/span><\/p>\n<p><span> \u2022 acest curs este disponibil numai pentru persoanele care au participat <\/span><span class=\"word\" data-words=\"la,l\u0103\">la<\/span><span> cursul Terapia CranioSacral\u0103, nivel 2;<\/span><\/p>\n<p><span> \u2022 practicarea <\/span><span class=\"word\" data-words=\"\u0219i,si\">\u0219i<\/span><span> <\/span><span class=\"word\" data-words=\"\u00eensu\u0219irea,insusirea\">\u00eensu\u0219irea<\/span><span> tehnicilor de eliminare a leziunilor sfenoidului <\/span><span class=\"word\" data-words=\"\u0219i,si\">\u0219i<\/span><span> tehnicile din interiorul gurii;<\/span><\/p>\n<p><span> \u2022 completarea unui <\/span><span class=\"word\" data-words=\"num\u0103r,numar\">num\u0103r<\/span><span> de 75 tratamente complete cu aceste tehnici.<\/span><\/p>\n<p><span> <\/span><strong><span class=\"word\" data-words=\"Recomand\u0103ri,Recomandari\">Recomand\u0103ri<\/span><\/strong><span><strong>:<\/strong><\/span><\/p>\n<p><span> Este recomandat <\/span><span class=\"word\" data-words=\"s\u0103,sa,\u0219a\">s\u0103<\/span><span> <\/span><span class=\"word\" data-words=\"fi\u021bi,fiti\">fi\u021bi<\/span><span> <\/span><span class=\"word\" data-words=\"trata\u021bi,tratati\">trata\u021bi<\/span><span> <\/span><span class=\"word\" data-words=\"\u00eenainte,inainte\">\u00eenainte<\/span><span> de curs, cu cel <\/span><span class=\"word\" data-words=\"pu\u021bin,putin\">pu\u021bin<\/span><span> trei tratamente CranioSacral <\/span><span class=\"word\" data-words=\"\u00een,in\">\u00een<\/span><span> care s-au folosit <\/span><span class=\"word\" data-words=\"\u0219i,si\">\u0219i<\/span><span> tehnicile <\/span><span class=\"word\" data-words=\"\u00een,in\">\u00een<\/span><span> interiorul gurii.<\/span><\/p>\n<p>[\/et_pb_text][\/et_pb_column][\/et_pb_row][\/et_pb_section]<\/p>\n","protected":false},"excerpt":{"rendered":"<p>SER1 \u2013 Curs Eliberare SomatoEmo\u021bional\u0103, nivel 1\u00cen cele 4 zile de curs ve\u021bi aprofunda cuno\u0219tin\u021bele \u00een tehnicile de Eliberare SomatoEmo\u021bional\u0103 (SER). SER este un proces terapeutic care folose\u0219te \u0219i extinde principiile terapiei CranioSacral\u0103 pentru a ajuta corpul \u0219i mintea s\u0103 \u00eenl\u0103ture efectele traumelor. \u00cen cadrul acestui curs ve\u021bi \u00eenva\u021b\u0103 despre mecanismele fiziologice ale bolilor \u0219i [&hellip;]<\/p>\n","protected":false},"author":1,"featured_media":0,"parent":0,"menu_order":0,"comment_status":"closed","ping_status":"closed","template":"","meta":{"_et_pb_use_builder":"on","_et_pb_old_content":"<!-- wp:divi\/placeholder \/-->","_et_gb_content_width":"","footnotes":""},"class_list":["post-184","page","type-page","status-publish","hentry"],"_links":{"self":[{"href":"https:\/\/craniosacral.ro\/w\/wp-json\/wp\/v2\/pages\/184","targetHints":{"allow":["GET"]}}],"collection":[{"href":"https:\/\/craniosacral.ro\/w\/wp-json\/wp\/v2\/pages"}],"about":[{"href":"https:\/\/craniosacral.ro\/w\/wp-json\/wp\/v2\/types\/page"}],"author":[{"embeddable":true,"href":"https:\/\/craniosacral.ro\/w\/wp-json\/wp\/v2\/users\/1"}],"replies":[{"embeddable":true,"href":"https:\/\/craniosacral.ro\/w\/wp-json\/wp\/v2\/comments?post=184"}],"version-history":[{"count":0,"href":"https:\/\/craniosacral.ro\/w\/wp-json\/wp\/v2\/pages\/184\/revisions"}],"wp:attachment":[{"href":"https:\/\/craniosacral.ro\/w\/wp-json\/wp\/v2\/media?parent=184"}],"curies":[{"name":"wp","href":"https:\/\/api.w.org\/{rel}","templated":true}]}}