{"id":120,"date":"2021-02-22T15:30:54","date_gmt":"2021-02-22T13:30:54","guid":{"rendered":"http:\/\/craniosacral.ro\/w\/?page_id=120"},"modified":"2021-02-23T12:25:29","modified_gmt":"2021-02-23T10:25:29","slug":"eliberarea-somato-emotionala","status":"publish","type":"page","link":"https:\/\/craniosacral.ro\/w\/eliberarea-somato-emotionala\/","title":{"rendered":"Eliberarea Somato Emo\u021bional\u0103"},"content":{"rendered":"<p>[et_pb_section fb_built=&#8221;1&#8243; _builder_version=&#8221;4.9.0&#8243; _module_preset=&#8221;default&#8221;][et_pb_row column_structure=&#8221;1_2,1_2&#8243; _builder_version=&#8221;4.9.0&#8243; _module_preset=&#8221;default&#8221;][et_pb_column type=&#8221;1_2&#8243; _builder_version=&#8221;4.9.0&#8243; _module_preset=&#8221;default&#8221;][et_pb_image src=&#8221;http:\/\/craniosacral.ro\/w\/wp-content\/uploads\/2021\/02\/t-somato-emotional-350&#215;220-1.jpg&#8221; title_text=&#8221;t-somato-emotional-350&#215;220&#8243; _builder_version=&#8221;4.9.0&#8243; _module_preset=&#8221;default&#8221;][\/et_pb_image][\/et_pb_column][et_pb_column type=&#8221;1_2&#8243; _builder_version=&#8221;4.9.0&#8243; _module_preset=&#8221;default&#8221;][\/et_pb_column][\/et_pb_row][et_pb_row _builder_version=&#8221;4.9.0&#8243; _module_preset=&#8221;default&#8221;][et_pb_column type=&#8221;4_4&#8243; _builder_version=&#8221;4.9.0&#8243; _module_preset=&#8221;default&#8221;][et_pb_text _builder_version=&#8221;4.9.0&#8243; _module_preset=&#8221;default&#8221; hover_enabled=&#8221;0&#8243; sticky_enabled=&#8221;0&#8243;]<\/p>\n<p><strong>Eliberarea SomatoEmo\u021bional\u0103 este o <span class=\"word modified\" data-words=\"tehnic\u0103,tehnica\">tehnic\u0103<\/span> <span class=\"word modified\" data-words=\"dezvoltat\u0103,dezvoltata\">dezvoltat\u0103<\/span> de Dr. John Upledger, care permite <span class=\"word\" data-words=\"at\u00e2t,a\u021b\u00e2\u021b,atat\">at\u00e2t<\/span> <span class=\"word\" data-words=\"eliber\u0103ri,eliberari\">eliber\u0103ri<\/span> ale <span class=\"word\" data-words=\"restric\u021biilor,restrictiilor\">restric\u021biilor<\/span> de <span class=\"word\" data-words=\"la,l\u0103\">la<\/span> nivel fizic, <span class=\"word\" data-words=\"c\u00e2t,c\u0103t,c\u0103\u021b,cat\">c\u00e2t<\/span> <span class=\"word\" data-words=\"\u0219i,si\">\u0219i<\/span> <span class=\"word\" data-words=\"eliber\u0103ri,eliberari\">eliber\u0103ri<\/span> semnificative ale componetelor <span class=\"word\" data-words=\"emo\u021bionale,emotionale\">emo\u021bionale<\/span> <span class=\"word\" data-words=\"\u00eencapsulate,incapsulate\">\u00eencapsulate<\/span> <span class=\"word\" data-words=\"\u00een,in\">\u00een<\/span> <span class=\"word\" data-words=\"\u021besutul,tesutul\">\u021besutul<\/span> corpului.<\/strong><\/p>\n<p><strong> <\/strong><span class=\"word modified\" data-words=\"Desi,De\u0219i\">De\u0219i<\/span><span> nu e necesar <\/span><span class=\"word\" data-words=\"s\u0103,sa,\u0219a\">s\u0103<\/span><span> se manifeste <\/span><span class=\"word\" data-words=\"la,l\u0103\">la<\/span><span> fiecare tratament, acest fenomen, numit Eliberare SomatoEmo\u021bional\u0103, poate <\/span><span class=\"word\" data-words=\"ap\u0103rea,aparea\">ap\u0103rea<\/span><span> <\/span><span class=\"word modified\" data-words=\"c\u0103,ca\">ca<\/span><span> urmare a reamintirii unor momente traumatice <\/span><span class=\"word\" data-words=\"\u0219i,si\">\u0219i<\/span><span>\/<\/span><span class=\"word\" data-words=\"sau,s\u0103u,\u0219au\">sau<\/span><span> <\/span><span class=\"word\" data-words=\"emo\u021bionale,emotionale\">emo\u021bionale<\/span><span>.<\/span><\/p>\n<p><span> <\/span><span class=\"word\" data-words=\"Odat\u0103,Odata\">Odat\u0103<\/span><span> ce eliberarea SomatoEmo\u021bional\u0103\u00a0<\/span><span class=\"word\" data-words=\"\u00eencepe,incepe\">\u00eencepe<\/span><span>, activitatea sistemului craniosacral se <\/span><span class=\"word\" data-words=\"opre\u0219te,opreste\">opre\u0219te<\/span><span> brusc.<\/span><\/p>\n<p><span> <\/span><span class=\"word\" data-words=\"Pozi\u021bia,Pozitia\">Pozi\u021bia<\/span><span> corpului permite o eliberare <\/span><span class=\"word modified\" data-words=\"general\u0103,generala\">general\u0103<\/span><span> a <\/span><span class=\"word\" data-words=\"emo\u021biilor,emotiilor\">emo\u021biilor<\/span><span> <\/span><span class=\"word\" data-words=\"\u00eenmagazinate,inmagazinate\">\u00eenmagazinate<\/span><span> care <\/span><span class=\"word\" data-words=\"par,p\u0103r,p\u00e2r\">par<\/span><span> <\/span><span class=\"word\" data-words=\"s\u0103,sa,\u0219a\">s\u0103<\/span><span> <\/span><span class=\"word modified\" data-words=\"vina,vin\u0103,v\u00eena,v\u00een\u0103\">vin\u0103<\/span><span> de <\/span><span class=\"word\" data-words=\"la,l\u0103\">la<\/span><span> <\/span><span class=\"word\" data-words=\"\u021besutul,tesutul\">\u021besutul<\/span><span> corpului <\/span><span class=\"word\" data-words=\"\u0219i,si\">\u0219i<\/span><span> frecvent <\/span><span class=\"word\" data-words=\"sunt,\u0219unt\">sunt<\/span><span> exprimate <\/span><span class=\"word\" data-words=\"\u00een,in\">\u00een<\/span><span> diverse forme: <\/span><span class=\"word\" data-words=\"pl\u00e2ns,plans\">pl\u00e2ns<\/span><span>, tremurat, spasme, <\/span><span class=\"word\" data-words=\"transpira\u021bie,transpiratie\">transpira\u021bie<\/span><span>, <\/span><span class=\"word modified\" data-words=\"ras,ra\u0219,r\u0103s,r\u00e2s\">r\u00e2s<\/span><span>, durere, <\/span><span class=\"word\" data-words=\"contrac\u021bii,contractii\">contrac\u021bii<\/span><span> musculare\u2026 aproape tot ce <\/span><span class=\"word\" data-words=\"v\u0103,va\">v\u0103<\/span><span> <\/span><span class=\"word\" data-words=\"pute\u021bi,puteti\">pute\u021bi<\/span><span> <\/span><span class=\"word\" data-words=\"imagin\u0103,imagina\">imagina<\/span><span>. Acesta este un fenomen normal care <\/span><span class=\"word modified\" data-words=\"ajut\u0103,ajuta\">ajut\u0103<\/span><span> corpul <\/span><span class=\"word\" data-words=\"la,l\u0103\">la<\/span><span> reversul <\/span><span class=\"word\" data-words=\"disfunc\u021biei,disfunctiei\">disfunc\u021biei<\/span><span> <\/span><span class=\"word\" data-words=\"\u0219i,si\">\u0219i<\/span><span> <\/span><span class=\"word\" data-words=\"restaureaz\u0103,restaureaza\">restaureaz\u0103<\/span><span> nivelul optim de mobilitate. <\/span><\/p>\n<p><span class=\"word\" data-words=\"\u00cen,In\">\u00cen<\/span><span> cadrul <\/span><span class=\"word\" data-words=\"cercet\u0103rilor,cercetarilor\">cercet\u0103rilor<\/span><span> <\/span><span class=\"word\" data-words=\"sale,\u0219ale\">sale<\/span><span>, Dr. Upledger a descoperit <\/span><span class=\"word\" data-words=\"c\u0103,ca\">c\u0103<\/span><span> pacientul\/clientul revine exact <\/span><span class=\"word\" data-words=\"la,l\u0103\">la<\/span><span> <\/span><span class=\"word\" data-words=\"pozi\u021bia,pozitia\">pozi\u021bia<\/span><span> corpului din momentul accidentului pentru <\/span><span class=\"word\" data-words=\"c\u0103,ca\">c\u0103<\/span><span> cel <\/span><span class=\"word\" data-words=\"mai,m\u0103i,m\u00e2i\">mai<\/span><span> <\/span><span class=\"word\" data-words=\"u\u0219or,usor\">u\u0219or<\/span><span> mod de a <\/span><span class=\"word\" data-words=\"eliber\u0103,elibera\">elibera<\/span><span> acele energii <\/span><span class=\"word\" data-words=\"\u00eencapsulate,incapsulate\">\u00eencapsulate<\/span><span>, este <\/span><span class=\"word\" data-words=\"s\u0103,sa,\u0219a\">s\u0103<\/span><span> ia <\/span><span class=\"word\" data-words=\"aceea\u0219i,aceeasi\">aceea\u0219i<\/span><span> <\/span><span class=\"word\" data-words=\"pozi\u021bie,pozitie\">pozi\u021bie<\/span><span> prin care acestea au fost acumulate.<\/span><\/p>\n<p>[\/et_pb_text][\/et_pb_column][\/et_pb_row][\/et_pb_section]<\/p>\n","protected":false},"excerpt":{"rendered":"<p>Eliberarea SomatoEmo\u021bional\u0103 este o tehnic\u0103 dezvoltat\u0103 de Dr. John Upledger, care permite at\u00e2t eliber\u0103ri ale restric\u021biilor de la nivel fizic, c\u00e2t \u0219i eliber\u0103ri semnificative ale componetelor emo\u021bionale \u00eencapsulate \u00een \u021besutul corpului. De\u0219i nu e necesar s\u0103 se manifeste la fiecare tratament, acest fenomen, numit Eliberare SomatoEmo\u021bional\u0103, poate ap\u0103rea ca urmare a reamintirii unor momente traumatice [&hellip;]<\/p>\n","protected":false},"author":1,"featured_media":0,"parent":0,"menu_order":0,"comment_status":"closed","ping_status":"closed","template":"","meta":{"_et_pb_use_builder":"on","_et_pb_old_content":"<!-- wp:divi\/placeholder \/-->","_et_gb_content_width":"","footnotes":""},"class_list":["post-120","page","type-page","status-publish","hentry"],"_links":{"self":[{"href":"https:\/\/craniosacral.ro\/w\/wp-json\/wp\/v2\/pages\/120","targetHints":{"allow":["GET"]}}],"collection":[{"href":"https:\/\/craniosacral.ro\/w\/wp-json\/wp\/v2\/pages"}],"about":[{"href":"https:\/\/craniosacral.ro\/w\/wp-json\/wp\/v2\/types\/page"}],"author":[{"embeddable":true,"href":"https:\/\/craniosacral.ro\/w\/wp-json\/wp\/v2\/users\/1"}],"replies":[{"embeddable":true,"href":"https:\/\/craniosacral.ro\/w\/wp-json\/wp\/v2\/comments?post=120"}],"version-history":[{"count":0,"href":"https:\/\/craniosacral.ro\/w\/wp-json\/wp\/v2\/pages\/120\/revisions"}],"wp:attachment":[{"href":"https:\/\/craniosacral.ro\/w\/wp-json\/wp\/v2\/media?parent=120"}],"curies":[{"name":"wp","href":"https:\/\/api.w.org\/{rel}","templated":true}]}}