{"id":118,"date":"2021-02-22T15:30:39","date_gmt":"2021-02-22T13:30:39","guid":{"rendered":"http:\/\/craniosacral.ro\/w\/?page_id=118"},"modified":"2021-02-23T12:37:53","modified_gmt":"2021-02-23T10:37:53","slug":"terapia-cranio-sacrala","status":"publish","type":"page","link":"https:\/\/craniosacral.ro\/w\/terapia-cranio-sacrala\/","title":{"rendered":"Terapia Cranio-Sacral\u0103"},"content":{"rendered":"<p>[et_pb_section fb_built=&#8221;1&#8243; _builder_version=&#8221;4.9.0&#8243; _module_preset=&#8221;default&#8221;][et_pb_row column_structure=&#8221;1_2,1_2&#8243; _builder_version=&#8221;4.9.0&#8243; _module_preset=&#8221;default&#8221;][et_pb_column type=&#8221;1_2&#8243; _builder_version=&#8221;4.9.0&#8243; _module_preset=&#8221;default&#8221;][et_pb_image src=&#8221;http:\/\/craniosacral.ro\/w\/wp-content\/uploads\/2021\/02\/Webp.net-resizeimage-2.jpg&#8221; title_text=&#8221;Webp.net-resizeimage (2)&#8221; _builder_version=&#8221;4.9.0&#8243; _module_preset=&#8221;default&#8221;][\/et_pb_image][\/et_pb_column][et_pb_column type=&#8221;1_2&#8243; _builder_version=&#8221;4.9.0&#8243; _module_preset=&#8221;default&#8221;][\/et_pb_column][\/et_pb_row][et_pb_row _builder_version=&#8221;4.9.0&#8243; _module_preset=&#8221;default&#8221;][et_pb_column type=&#8221;4_4&#8243; _builder_version=&#8221;4.9.0&#8243; _module_preset=&#8221;default&#8221;][et_pb_text _builder_version=&#8221;4.9.0&#8243; _module_preset=&#8221;default&#8221; hover_enabled=&#8221;0&#8243; sticky_enabled=&#8221;0&#8243;]<\/p>\n<p><strong>Terapia Cranio-<span class=\"word\" data-words=\"Sacral\u0103,Sacrala\">Sacral\u0103<\/span>\u00a0este o terapie <span class=\"word\" data-words=\"bl\u00e2nd\u0103,bl\u00e2nda,blanda\">bl\u00e2nd\u0103<\/span> care are <span class=\"word\" data-words=\"c\u0103,ca\">c\u0103<\/span> <span class=\"word\" data-words=\"scop,\u0219cop\">scop<\/span> intensificarea <span class=\"word\" data-words=\"activit\u0103\u021bii,activitatii\">activit\u0103\u021bii<\/span> sistemului craniosacral, <span class=\"word\" data-words=\"adic\u0103,adica\">adic\u0103<\/span> locul <span class=\"word\" data-words=\"\u00een,in\">\u00een<\/span> care creierul <span class=\"word\" data-words=\"\u0219i,si\">\u0219i<\/span> <span class=\"word\" data-words=\"m\u0103duv\u0103,m\u0103duva,maduva\">m\u0103duv\u0103<\/span> <span class=\"word\" data-words=\"spin\u0103rii,spinarii\">spin\u0103rii<\/span> <span class=\"word\" data-words=\"func\u021bioneaz\u0103,functioneaza\">func\u021bioneaz\u0103<\/span>.<\/strong><\/p>\n<p><span> Terapia CranioSacral\u0103 este o <\/span><span class=\"word modified\" data-words=\"metod\u0103,metoda\">metod\u0103<\/span><span> de evaluare <\/span><span class=\"word\" data-words=\"\u0219i,si\">\u0219i<\/span><span> <\/span><span class=\"word\" data-words=\"corec\u021bie,corectie\">corec\u021bie<\/span><span>, care <\/span><span class=\"word\" data-words=\"stimuleaz\u0103,stimuleaza\">stimuleaz\u0103<\/span><span> procesul natural <\/span><span class=\"word\" data-words=\"al,\u0103l\">al<\/span><span> corpului de auto-corectare <\/span><span class=\"word\" data-words=\"\u0219i,si\">\u0219i<\/span><span> auto-vindecare, <\/span><span class=\"word\" data-words=\"\u0219i,si\">\u0219i<\/span><span> mecanismul individual de <\/span><span class=\"word\" data-words=\"\u00eens\u0103n\u0103to\u0219ire,insanatosire\">\u00eens\u0103n\u0103to\u0219ire<\/span><span> <\/span><span class=\"word modified\" data-words=\"natural\u0103,naturala\">natural\u0103<\/span><span> <\/span><span class=\"word\" data-words=\"\u0219i,si\">\u0219i<\/span><span> disipare a efectelor negative.<\/span><\/p>\n<p><span> Este tot <\/span><span class=\"word\" data-words=\"mai,m\u0103i,m\u00e2i\">mai<\/span><span> mult <\/span><span class=\"word modified\" data-words=\"folosit\u0103,folosita\">folosit\u0103<\/span><span> preventiv, pentru <\/span><span class=\"word\" data-words=\"\u00eent\u0103rirea,intarirea\">\u00eent\u0103rirea<\/span><span> sistemului imunitar <\/span><span class=\"word\" data-words=\"\u0219i,si\">\u0219i<\/span><span> a <\/span><span class=\"word modified\" data-words=\"rezistentei,rezisten\u021bei\">rezisten\u021bei<\/span><span> <\/span><span class=\"word\" data-words=\"la,l\u0103\">la<\/span><span> <\/span><span class=\"word\" data-words=\"\u00eemboln\u0103vire,imbolnavire\">\u00eemboln\u0103vire<\/span><span>.<\/span><\/p>\n<p><span> Terapia CranioSacral\u0103\u00a0<\/span><span class=\"word modified\" data-words=\"ajut\u0103,ajuta\">ajut\u0103<\/span><span> <\/span><span class=\"word\" data-words=\"la,l\u0103\">la<\/span><span> alinarea durerii <\/span><span class=\"word\" data-words=\"\u0219i,si\">\u0219i<\/span><span> <\/span><span class=\"word\" data-words=\"la,l\u0103\">la<\/span><span> ameliorarea unei game <\/span><span class=\"word\" data-words=\"largi,l\u0103rgi\">largi<\/span><span> de boli <\/span><span class=\"word\" data-words=\"\u0219i,si\">\u0219i<\/span><span> <\/span><span class=\"word\" data-words=\"disfunc\u021bii,disfunctii\">disfunc\u021bii<\/span><span> cum ar fi:<\/span><\/p>\n<p><span> \u2013 Migrene <\/span><span class=\"word\" data-words=\"\u0219i,si\">\u0219i<\/span><span> dureri de cap<\/span><\/p>\n<p><span> \u2013 Dureri cronice de <\/span><span class=\"word\" data-words=\"g\u00e2t,gat\">g\u00e2t<\/span><span> <\/span><span class=\"word\" data-words=\"\u0219i,si\">\u0219i<\/span><span> spate<\/span><\/p>\n<p><span> \u2013 Stres <\/span><span class=\"word\" data-words=\"\u0219i,si\">\u0219i<\/span><span> probleme legate de tensiuni nervoase<\/span><\/p>\n<p><span> \u2013 <\/span><span class=\"word\" data-words=\"Afec\u021biuni,Afectiuni\">Afec\u021biuni<\/span><span> ale creierului <\/span><span class=\"word\" data-words=\"\u0219i,si\">\u0219i<\/span><span> <\/span><span class=\"word\" data-words=\"m\u0103duvei,maduvei\">m\u0103duvei<\/span><span> <\/span><span class=\"word\" data-words=\"spin\u0103rii,spinarii\">spin\u0103rii<\/span><span> <\/span><span class=\"word modified\" data-words=\"c\u0103,ca\">ca<\/span><span> urmare a <\/span><span class=\"word\" data-words=\"accidentelor,acciden\u021belor\">accidentelor<\/span><\/p>\n<p><span> \u2013 Stres post traumatic<\/span><\/p>\n<p><span> \u2013 <\/span><span class=\"word\" data-words=\"Disfunc\u021bii,Disfunctii\">Disfunc\u021bii<\/span><span> post chirurgicale<\/span><\/p>\n<p><span> \u2013 <\/span><span class=\"word modified\" data-words=\"Oboseal\u0103,Oboseala\">Oboseal\u0103<\/span><span> <\/span><span class=\"word modified\" data-words=\"cronic\u0103,cronica\">cronic\u0103<\/span><\/p>\n<p><span> \u2013 Boli ale <\/span><span class=\"word\" data-words=\"copil\u0103riei,copilariei\">copil\u0103riei<\/span><\/p>\n<p><span> \u2013 Colici<\/span><\/p>\n<p><span> \u2013 Autism<\/span><\/p>\n<p><span> \u2013 <\/span><span class=\"word\" data-words=\"Dificult\u0103\u021bi,Dificultati\">Dificult\u0103\u021bi<\/span><span> de <\/span><span class=\"word\" data-words=\"\u00eenv\u0103\u021bare,invatare\">\u00eenv\u0103\u021bare<\/span><span>, dislexia<\/span><\/p>\n<p><span> \u2013 <\/span><span class=\"word\" data-words=\"Scolioz\u0103,Scolioza\">Scolioza<\/span><\/p>\n<p><span> \u2013 Probleme ortopedice<\/span><\/p>\n<p><span> \u2013 <\/span><span class=\"word\" data-words=\"Deregl\u0103ri,Dereglari\">Deregl\u0103ri<\/span><span> ale sistemului nervos central<\/span><\/p>\n<p><span> \u2013 Deterioare a <\/span><span class=\"word\" data-words=\"func\u021biilor,functiilor\">func\u021biilor<\/span><span> de coordonare motorie<\/span><\/p>\n<p><span> \u2013 <\/span><span class=\"word\" data-words=\"Disfunc\u021bii,Disfunctii\">Disfunc\u021bii<\/span><span> ale <\/span><span class=\"word\" data-words=\"\u021besutului,tesutului\">\u021besutului<\/span><span> conectiv<\/span><\/p>\n<p><span> \u2013 <\/span><span class=\"word\" data-words=\"Disfunc\u021bii,Disfunctii\">Disfunc\u021bii<\/span><span> ale <\/span><span class=\"word\" data-words=\"articula\u021biei,articulatiei\">articula\u021biei<\/span><span> temporo-<\/span><span class=\"word modified\" data-words=\"mandibular\u0103,mandibulara\">mandibular\u0103<\/span><\/p>\n<p><span> \u2013 Boli neurovasculare <\/span><span class=\"word\" data-words=\"\u0219i,si\">\u0219i<\/span><span> ale <\/span><span class=\"word\" data-words=\"imunit\u0103\u021bii,imunitatii\">imunit\u0103\u021bii<\/span><\/p>\n<p><span> \u2013 Depresie<\/span><\/p>\n<p><span> \u2013 <\/span><span class=\"word\" data-words=\"Dificult\u0103\u021bi,Dificultati\">Dificult\u0103\u021bi<\/span><span> <\/span><span class=\"word\" data-words=\"emo\u021bionale,emotionale\">emo\u021bionale<\/span><span> <\/span><span class=\"word\" data-words=\"\u0219i,si\">\u0219i<\/span><span> multe altele.<\/span><\/p>\n<p><span> Terapia CranioSacral\u0103 se <\/span><span class=\"word\" data-words=\"adreseaz\u0103,adreseaza\">adreseaz\u0103<\/span><span> <\/span><span class=\"word\" data-words=\"at\u00e2t,a\u021b\u00e2\u021b,atat\">at\u00e2t<\/span><span> persoanelor cu probleme de <\/span><span class=\"word\" data-words=\"s\u0103n\u0103tate,sanatate\">s\u0103n\u0103tate<\/span><span> dar <\/span><span class=\"word\" data-words=\"\u0219i,si\">\u0219i<\/span><span> persoanelor care vor <\/span><span class=\"word\" data-words=\"s\u0103,sa,\u0219a\">s\u0103<\/span><span>&#8211;<\/span><span class=\"word\" data-words=\"\u0219i,si\">\u0219i<\/span><span> <\/span><span class=\"word\" data-words=\"p\u0103streze,pastreze\">p\u0103streze<\/span><span> un tonus de <\/span><span class=\"word\" data-words=\"via\u021b\u0103,via\u021ba,viata\">via\u021b\u0103<\/span><span> normal, <\/span><span class=\"word\" data-words=\"s\u0103,sa,\u0219a\">s\u0103<\/span><span> <\/span><span class=\"word\" data-words=\"fac\u0103,faca\">fac\u0103<\/span><span> <\/span><span class=\"word modified\" data-words=\"fata,fat\u0103,fa\u021ba,fa\u021b\u0103,f\u0103ta,f\u0103t\u0103,f\u0103\u021ba,f\u0103\u021b\u0103,f\u00e2\u021ba,f\u00e2\u021b\u0103\">fa\u021b\u0103<\/span><span> stresului zilnic <\/span><span class=\"word\" data-words=\"mai,m\u0103i,m\u00e2i\">mai<\/span><span> <\/span><span class=\"word\" data-words=\"u\u0219or,usor\">u\u0219or<\/span><span>. E <\/span><span class=\"word modified\" data-words=\"adecvat\u0103,adecvata\">adecvat\u0103<\/span><span> tuturor grupelor de <\/span><span class=\"word\" data-words=\"via\u021b\u0103,via\u021ba,viata\">via\u021b\u0103<\/span><span> de <\/span><span class=\"word\" data-words=\"la,l\u0103\">la<\/span><span> nou-<\/span><span class=\"word\" data-words=\"n\u0103scut,nascut\">n\u0103scut<\/span><span>, <\/span><span class=\"word\" data-words=\"la,l\u0103\">la<\/span><span> <\/span><span class=\"word\" data-words=\"v\u00e2rst\u0103,v\u00e2rsta,varsta\">v\u00e2rst\u0103<\/span><span> a treia.<\/span><\/p>\n<p>[\/et_pb_text][\/et_pb_column][\/et_pb_row][\/et_pb_section]<\/p>\n","protected":false},"excerpt":{"rendered":"<p>Terapia Cranio-Sacral\u0103\u00a0este o terapie bl\u00e2nd\u0103 care are c\u0103 scop intensificarea activit\u0103\u021bii sistemului craniosacral, adic\u0103 locul \u00een care creierul \u0219i m\u0103duv\u0103 spin\u0103rii func\u021bioneaz\u0103. Terapia CranioSacral\u0103 este o metod\u0103 de evaluare \u0219i corec\u021bie, care stimuleaz\u0103 procesul natural al corpului de auto-corectare \u0219i auto-vindecare, \u0219i mecanismul individual de \u00eens\u0103n\u0103to\u0219ire natural\u0103 \u0219i disipare a efectelor negative. Este tot mai [&hellip;]<\/p>\n","protected":false},"author":1,"featured_media":0,"parent":0,"menu_order":0,"comment_status":"closed","ping_status":"closed","template":"","meta":{"_et_pb_use_builder":"on","_et_pb_old_content":"","_et_gb_content_width":"","footnotes":""},"class_list":["post-118","page","type-page","status-publish","hentry"],"_links":{"self":[{"href":"https:\/\/craniosacral.ro\/w\/wp-json\/wp\/v2\/pages\/118","targetHints":{"allow":["GET"]}}],"collection":[{"href":"https:\/\/craniosacral.ro\/w\/wp-json\/wp\/v2\/pages"}],"about":[{"href":"https:\/\/craniosacral.ro\/w\/wp-json\/wp\/v2\/types\/page"}],"author":[{"embeddable":true,"href":"https:\/\/craniosacral.ro\/w\/wp-json\/wp\/v2\/users\/1"}],"replies":[{"embeddable":true,"href":"https:\/\/craniosacral.ro\/w\/wp-json\/wp\/v2\/comments?post=118"}],"version-history":[{"count":0,"href":"https:\/\/craniosacral.ro\/w\/wp-json\/wp\/v2\/pages\/118\/revisions"}],"wp:attachment":[{"href":"https:\/\/craniosacral.ro\/w\/wp-json\/wp\/v2\/media?parent=118"}],"curies":[{"name":"wp","href":"https:\/\/api.w.org\/{rel}","templated":true}]}}